53?
36
Calculate the remainder when 183 is divided by 13.
1
What is the remainder when 17 is divided by 4?
1
What is the remainder when 1893 is divided by 67?
17
What is the remainder when 976 is divided by 122?
0
What is the remainder when 112 is divided by 39?
34
What is the remainder when 103 is divided by 21?
19
Calculate the remainder when 923 is divided by 42.
41
Calculate the remainder when 1801 is divided by 41.
38
What is the remainder when 118 is divided by 59?
0
Calculate the remainder when 2349 is divided by 48.
45
Calculate the remainder when 4141 is divided by 56.
53
What is the remainder when 592 is divided by 45?
7
Calculate the remainder when 719 is divided by 19.
16
What is the remainder when 77 is divided by 26?
25
Calculate the remainder when 4750 is divided by 22.
20
Calculate the remainder when 261 is divided by 50.
11
Calculate the remainder when 439 is divided by 10.
9
What is the remainder when 180 is divided by 58?
6
Calculate the remainder when 535 is divided by 35.
10
What is the remainder when 7214 is divided by 185?
184
Calculate the remainder when 47 is divided by 7.
5
What is the remainder when 130 is divided by 23?
15
Calculate the remainder when 71 is divided by 19.
14
What is the remainder when 289 is divided by 58?
57
What is the remainder when 306 is divided by 27?
9
What is the remainder when 16 is divided by 7?
2
Calculate the remainder when 25 is divided by 9.
7
What is the remainder when 1415 is divided by 118?
117
Calculate the remainder when 260 is divided by 57.
32
What is the remainder when 111 is divided by 90?
21
What is the remainder when 251 is divided by 78?
17
Calculate the remainder when 275 is divided by 90.
5
Calculate the remainder when 78 is divided by 8.
6
What is the remainder when 1677 is divided by 41?
37
Calculate the remainder when 57 is divided by 8.
1
Calculate the remainder when 355 is divided by 72.
67
What is the remainder when 472 is divided by 14?
10
What is the remainder when 18269 is divided by 203?
202
What is the remainder when 1546 is divided by 43?
41
What is the remainder when 3135 is divided by 16?
15
What is the remainder when 674 is divided by 85?
79
What is the remainder when 992 is divided by 14?
12
Calculate the remainder when 780 is divided by 42.
24
What is the remainder when 467 is divided by 52?
51
What is the remainder when 318 is divided by 67?
50
Calculate the remainder when 177 is divided by 82.
13
What is the remainder when 2640 is divided by 63?
57
Calculate the remainder when 2065 is divided by 47.
44
What is the remainder when 956 is divided by 60?
56
Calculate the remainder when 2487 is divided by 506.
463
What is the remainder when 150 is divided by 22?
18
Calculate the remainder when 4123 is divided by 49.
7
What is the remainder when 1452 is divided by 35?
17
What is the remainder when 1888 is divided by 170?
18
What is the remainder when 206 is divided by 64?
14
Calculate the remainder when 155 is divided by 39.
38
Calculate the remainder when 455 is divided by 6.
5
What is the remainder when 1349 is divided by 59?
51
What is the remainder when 9849 is divided by 197?
196
Calculate the remainder when 999 is divided by 252.
243
Calculate the remainder when 19 is divided by 8.
3
What is the remainder when 217 is divided by 32?
25
Calculate the remainder when 126 is divided by 44.
38
What is the remainder when 28 is divided by 14?
0
What is the remainder when 443 is divided by 210?
23
What is the remainder when 1030 is divided by 923?
107
Calculate the remainder when 5981 is divided by 1193.
16
Calculate the remainder when 53 is divided by 14.
11
What is the remainder when 692 is divided by 11?
10
Calculate the remainder when 2144 is divided by 71.
14
What is the remainder when 573 is divided by 4?
1
Calculate the remainder when 90 is divided by 7.
6
Calculate the remainder when 993 is divided by 491.
11
Calculate the remainder when 2285 is divided by 57.
5
Calculate the remainder when 160 is divided by 76.
8
What is the remainder when 99 is divided by 17?
14
What is the remainder when 7361 is divided by 58?
53
Calculate the remainder when 4397 is divided by 80.
77
Calculate the remainder when 573 is divided by 96.
93
Calculate the remainder when 615 is divided by 28.
27
What is the remainder when 214 is divided by 38?
24
Calculate the remainder when 168 is divided by 19.
16
What is the remainder when 100 is divided by 33?
1
Calculate the remainder when 260 is divided by 66.
62
Calculate the remainder when 865 is divided by 856.
9
Calculate the remainder when 106 is divided by 99.
7
Calculate the remainder when 45 is divided by 7.
3
Calculate the remainder when 108 is divided by 34.
6
Calculate the remainder when 703 is divided by 232.
7
What is the remainder when 1110 is divided by 1072?
38
Calculate the remainder when 147 is divided by 10.
7
Calculate the remainder when 1525 is divided by 96.
85
What is the remainder when 236 is divided by 7?
5
Calculate the remainder when 213 is divided by 11.
4
What is the remainder when 81 is divided by 21?
18
What is the remainder when 1482 is divided by 298?
290
What is the remainder when 2643 is divided by 34?
25
What is the remainder when 4695 is divided by 124?
107
Calculate the remainder when 779 is divided by 20.
19
Calculate the remainder when 147 is divided by 117.
30
Calculate the remainder when 965 is divided by 71.
42
What is the remainder when 1006 is divided by 112?
110
What is the remainder when 1645 is divided by 57?
49
Calculate the remainder when 747 is divided by 34.
33
What is the remainder when 610 is divided by 36?
34
Calculate the remainder when 13490 is divided by 32.
18
Calculate the remainder when 1605 is divided by 401.
1
Calculate the remainder when 4889 is divided by 73.
71
What is the remainder when 3362 is divided by 5?
2
Calculate the remainder when 713 is divided by 17.
16
Calculate the remainder when 270 is divided by 81.
27
Calculate the remainder when 114 is divided by 3.
0
What is the remainder when 319 is divided by 112?
95
Calculate the remainder when 264 is divided by 19.
17
What is the remainder when 366 is divided by 335?
31
What is the remainder when 478 is divided by 20?
18
What is the remainder when 138 is divided by 52?
34
Calculate the remainder when 183 is divided by 52.
27
Calculate the remainder when 2454 is divided by 82.
76
Calculate the remainder when 307 is divided by 10.
7
Calculate the remainder when 540 is divided by 94.
70
What is the remainder when 747 is divided by 96?
75
Calculate the remainder when 3909 is divided by 87.
81
What is the remainder when 277 is divided by 53?
12
What is the remainder when 227 is divided by 20?
7
What is the remainder when 539 is divided by 257?
25
What is the remainder when 8774 is divided by 11?
7
What is the remainder when 10 is divided by 2?
0
What is the remainder when 104 is divided by 48?
8
What is the remainder when 1467 is divided by 42?
39
Calculate the remainder when 830 is divided by 64.
62
What is the remainder when 909 is divided by 26?
25
Calculate the remainder when 1267 is divided by 213.
202
What is the remainder when 488 is divided by 159?
11
Calculate the remainder when 72 is divided by 25.
22
What is the remainder when 231 is divided by 29?
28
Calculate the remainder when 36 is divided by 28.
8
Calculate the remainder when 1243 is divided by 7.
4
What is the remainder when 450 is divided by 66?
54
Calculate the remainder when 463 is divided by 44.
23
What is the remainder when 13 is divided by 5?
3
Calculate the remainder when 1046 is divided by 15.
11
What is the remainder when 222 is divided by 109?
4
What is the remainder when 91 is divided by 6?
1
Calculate the remainder when 2412 is divided by 246.
198
What is the remainder when 8091 is divided by 28?
27
What is the remainder when 3182 is divided by 319?
311
What is the remainder when 161 is divided by 58?
45
Calculate the remainder when 626 is divided by 192.
50
What is the remainder when 2167 is divided by 18?
7
Calculate the remainder when 326 is divided by 47.
44
What is the remainder when 1532 is divided by 50?
32
What is the remainder when 159 is divided by 23?
21
What is the remainder when 25013 is divided by 33?
32
Calculate the rema